{"id":1679,"date":"2020-11-13T21:58:08","date_gmt":"2020-11-13T20:58:08","guid":{"rendered":"https:\/\/www.udrugaprospero.org\/wordpress\/?page_id=1679"},"modified":"2021-03-26T13:41:21","modified_gmt":"2021-03-26T12:41:21","slug":"turisticki-vodic","status":"publish","type":"page","link":"https:\/\/www.udrugaprospero.org\/wordpress\/program-zaposljavanja\/turisticki-vodic\/","title":{"rendered":"Turisti\u010dki vodi\u010d"},"content":{"rendered":"\n<p class=\"has-text-align-left\">Osposobljavanja za zanimanje turisti\u010dki vodi\u010d zapo\u010dela su 24.10.2019. zavr\u0161ila su 8.11.2019. godine, a provodilo ih je Veleu\u010dili\u0161te u \u0160ibeniku.<br>Predavanja su se odvijala na na\u010din da su polaznici pratili online predavanja iz svojih domova, budu\u0107i da zbog velikog broja predavanja i profesora nije bilo mogu\u0107e iza\u0107i na teren.<\/p>\n\n\n\n<p>U sklopu ovog osposobljavanja polaznici su u\u010dili o operativno tehni\u010dkim poslovima vo\u0111enja za turisti\u010dke vodi\u010de, turisti\u010dkom zemljopisu Hrvatske, Hrvatskoj povijesti, gospodarskom sustavu RH, kulturno povijesnim spomenicima i drugim znamenitostima RH.<\/p>\n\n\n\n<p class=\"has-text-align-left\">Terenska nastava odr\u017eavala se u \u0160ibeniku 30. i 31. listopada te 6. 7. i 8. studenog 2019. te jedan dan na Kninskoj tvr\u0111avi. Polaznici su obilazili znamenitosti \u0160ibenika uz pratnju stru\u010dnog turisti\u010dkog vodi\u010da.<\/p>\n\n\n\n<p class=\"has-text-align-left\">Ispit je polo\u017eio jedan polaznik, a ostalih pet 5 dobili su uvjerenja o poha\u0111anju osposobljavanja.<\/p>\n\n\n\n<div class=\"wp-block-image\"><figure class=\"aligncenter size-large\"><img decoding=\"async\" loading=\"lazy\" width=\"518\" height=\"388\" src=\"https:\/\/www.udrugaprospero.org\/wordpress\/wp-content\/uploads\/2020\/11\/pic1-3.jpg\" alt=\"\" class=\"wp-image-1667\" srcset=\"https:\/\/www.udrugaprospero.org\/wordpress\/wp-content\/uploads\/2020\/11\/pic1-3.jpg 518w, https:\/\/www.udrugaprospero.org\/wordpress\/wp-content\/uploads\/2020\/11\/pic1-3-300x225.jpg 300w\" sizes=\"(max-width: 518px) 100vw, 518px\" \/><\/figure><\/div>\n\n\n\n<div class=\"wp-block-image\"><figure class=\"aligncenter size-large is-resized\"><img decoding=\"async\" loading=\"lazy\" src=\"https:\/\/www.udrugaprospero.org\/wordpress\/wp-content\/uploads\/2017\/08\/Lenta_element3-1024x265.png\" alt=\"\" class=\"wp-image-802\" width=\"728\" height=\"188\" srcset=\"https:\/\/www.udrugaprospero.org\/wordpress\/wp-content\/uploads\/2017\/08\/Lenta_element3-1024x265.png 1024w, https:\/\/www.udrugaprospero.org\/wordpress\/wp-content\/uploads\/2017\/08\/Lenta_element3-300x78.png 300w, https:\/\/www.udrugaprospero.org\/wordpress\/wp-content\/uploads\/2017\/08\/Lenta_element3-768x199.png 768w\" sizes=\"(max-width: 728px) 100vw, 728px\" \/><figcaption>Projekt \u201eZnanjem do zaposlenja\u201c provodi se u sklopu programa \u201eLokalne inicijative za poticanje zapo\u0161ljavanja \u2013 faza lll\u201c. Sadr\u017eaj ove publikacije isklju\u010diva je odgovornost Udruge Prospero i ne predstavlja nu\u017eno stav Europske Unije. Projekt je sufinancirala Europska Unija iz Europskog socijalnog fonda. Vrijednost projekta je 976.550,00 HRK. Ukupna vrijednost EU potpore iznosi 976.550,00 HRK.<\/figcaption><\/figure><\/div>\n","protected":false},"excerpt":{"rendered":"<p>Osposobljavanja za zanimanje turisti\u010dki vodi\u010d zapo\u010dela su 24.10.2019. zavr\u0161ila su 8.11.2019. godine, a provodilo ih je Veleu\u010dili\u0161te u \u0160ibeniku.Predavanja su se odvijala na na\u010din da su polaznici pratili online predavanja iz svojih domova, budu\u0107i da zbog velikog broja predavanja i profesora nije bilo mogu\u0107e iza\u0107i na teren. U sklopu ovog osposobljavanja polaznici su u\u010dili o [&hellip;]<\/p>\n","protected":false},"author":1,"featured_media":0,"parent":1142,"menu_order":0,"comment_status":"closed","ping_status":"closed","template":"","meta":[],"_links":{"self":[{"href":"https:\/\/www.udrugaprospero.org\/wordpress\/wp-json\/wp\/v2\/pages\/1679"}],"collection":[{"href":"https:\/\/www.udrugaprospero.org\/wordpress\/wp-json\/wp\/v2\/pages"}],"about":[{"href":"https:\/\/www.udrugaprospero.org\/wordpress\/wp-json\/wp\/v2\/types\/page"}],"author":[{"embeddable":true,"href":"https:\/\/www.udrugaprospero.org\/wordpress\/wp-json\/wp\/v2\/users\/1"}],"replies":[{"embeddable":true,"href":"https:\/\/www.udrugaprospero.org\/wordpress\/wp-json\/wp\/v2\/comments?post=1679"}],"version-history":[{"count":5,"href":"https:\/\/www.udrugaprospero.org\/wordpress\/wp-json\/wp\/v2\/pages\/1679\/revisions"}],"predecessor-version":[{"id":1782,"href":"https:\/\/www.udrugaprospero.org\/wordpress\/wp-json\/wp\/v2\/pages\/1679\/revisions\/1782"}],"up":[{"embeddable":true,"href":"https:\/\/www.udrugaprospero.org\/wordpress\/wp-json\/wp\/v2\/pages\/1142"}],"wp:attachment":[{"href":"https:\/\/www.udrugaprospero.org\/wordpress\/wp-json\/wp\/v2\/media?parent=1679"}],"curies":[{"name":"wp","href":"https:\/\/api.w.org\/{rel}","templated":true}]}}