{"id":1682,"date":"2020-11-13T22:00:42","date_gmt":"2020-11-13T21:00:42","guid":{"rendered":"https:\/\/www.udrugaprospero.org\/wordpress\/?page_id=1682"},"modified":"2021-03-26T13:41:09","modified_gmt":"2021-03-26T12:41:09","slug":"pcelar-medar","status":"publish","type":"page","link":"https:\/\/www.udrugaprospero.org\/wordpress\/program-zaposljavanja\/pcelar-medar\/","title":{"rendered":"P\u010delar\/medar"},"content":{"rendered":"\n<p class=\"has-text-align-left\">Osposobljavanja za zanimanje p\u010delar\/medar zapo\u010delo je 22.7.2019. a predavanja iz teorijskog dijela trajala su od 22.7.2019. do 1.8.2019. u suradnji s U\u010dili\u0161tem Libar iz \u0160ibenika i profesorima Zlatkom Tomljanovi\u0107em i Janjom Filipi. Za\u0161titu na radu polaznici su odslu\u0161ali 9.8.2019. i polo\u017eili ispit iz iste, a stru\u010dnu praksu obavljali su na OPG-u \u0110uro Petkovi\u0107 u razdoblju od 28.8. do 6.9. 2019.<\/p>\n\n\n\n<p>U sklopu ovog osposobljavanja polaznici su nau\u010dili kako na siguran na\u010din za p\u010delara i p\u010dele raditi na p\u010delinjaku, o p\u010delinjem \u017eivotnom ciklusu, matici, prehrani, bolestima p\u010delinjih zajednica, kontroliranju broja nametnika, zimovanju i proljetnom razvoju. Polaznici su na praksi nau\u010dili kako izvr\u0161iti kompletan pregled zajednica, kako prona\u0107i maticu, kako transportirati ko\u0161nice i kako dezinficirati te skladi\u0161titi alat i materijal.<\/p>\n\n\n\n<p class=\"has-text-align-left\">Zavr\u0161ni ispit odr\u017eao se dana 6.9.2019. te je svih \u0161est polaznika polo\u017eilo.<br>Dana 14. listopada 2019. odr\u017eali smo sve\u010danu dodjelu diploma za uspje\u0161no polo\u017eeno osposobljavanja za p\u010delara\/medara.<\/p>\n\n\n\n<figure class=\"is-layout-flex wp-block-gallery-1 wp-block-gallery aligncenter columns-3 is-cropped\"><ul class=\"blocks-gallery-grid\"><li class=\"blocks-gallery-item\"><figure><img decoding=\"async\" loading=\"lazy\" width=\"1024\" height=\"681\" src=\"https:\/\/www.udrugaprospero.org\/wordpress\/wp-content\/uploads\/2020\/11\/pic1-1-1024x681.jpg\" alt=\"\" data-id=\"1659\" data-full-url=\"https:\/\/www.udrugaprospero.org\/wordpress\/wp-content\/uploads\/2020\/11\/pic1-1.jpg\" data-link=\"https:\/\/www.udrugaprospero.org\/wordpress\/?attachment_id=1659\" class=\"wp-image-1659\" srcset=\"https:\/\/www.udrugaprospero.org\/wordpress\/wp-content\/uploads\/2020\/11\/pic1-1-1024x681.jpg 1024w, https:\/\/www.udrugaprospero.org\/wordpress\/wp-content\/uploads\/2020\/11\/pic1-1-300x200.jpg 300w, https:\/\/www.udrugaprospero.org\/wordpress\/wp-content\/uploads\/2020\/11\/pic1-1-768x511.jpg 768w, https:\/\/www.udrugaprospero.org\/wordpress\/wp-content\/uploads\/2020\/11\/pic1-1-600x399.jpg 600w, https:\/\/www.udrugaprospero.org\/wordpress\/wp-content\/uploads\/2020\/11\/pic1-1.jpg 1039w\" sizes=\"(max-width: 1024px) 100vw, 1024px\" \/><\/figure><\/li><li class=\"blocks-gallery-item\"><figure><img decoding=\"async\" loading=\"lazy\" width=\"1024\" height=\"681\" src=\"https:\/\/www.udrugaprospero.org\/wordpress\/wp-content\/uploads\/2020\/11\/pic2-1-1024x681.jpg\" alt=\"\" data-id=\"1660\" data-full-url=\"https:\/\/www.udrugaprospero.org\/wordpress\/wp-content\/uploads\/2020\/11\/pic2-1.jpg\" data-link=\"https:\/\/www.udrugaprospero.org\/wordpress\/?attachment_id=1660\" class=\"wp-image-1660\" srcset=\"https:\/\/www.udrugaprospero.org\/wordpress\/wp-content\/uploads\/2020\/11\/pic2-1-1024x681.jpg 1024w, https:\/\/www.udrugaprospero.org\/wordpress\/wp-content\/uploads\/2020\/11\/pic2-1-300x200.jpg 300w, https:\/\/www.udrugaprospero.org\/wordpress\/wp-content\/uploads\/2020\/11\/pic2-1-768x511.jpg 768w, https:\/\/www.udrugaprospero.org\/wordpress\/wp-content\/uploads\/2020\/11\/pic2-1-600x399.jpg 600w, https:\/\/www.udrugaprospero.org\/wordpress\/wp-content\/uploads\/2020\/11\/pic2-1.jpg 1039w\" sizes=\"(max-width: 1024px) 100vw, 1024px\" \/><\/figure><\/li><li class=\"blocks-gallery-item\"><figure><img decoding=\"async\" loading=\"lazy\" width=\"1024\" height=\"681\" src=\"https:\/\/www.udrugaprospero.org\/wordpress\/wp-content\/uploads\/2020\/11\/pic3-1-1024x681.jpg\" alt=\"\" data-id=\"1661\" data-full-url=\"https:\/\/www.udrugaprospero.org\/wordpress\/wp-content\/uploads\/2020\/11\/pic3-1.jpg\" data-link=\"https:\/\/www.udrugaprospero.org\/wordpress\/?attachment_id=1661\" class=\"wp-image-1661\" srcset=\"https:\/\/www.udrugaprospero.org\/wordpress\/wp-content\/uploads\/2020\/11\/pic3-1-1024x681.jpg 1024w, https:\/\/www.udrugaprospero.org\/wordpress\/wp-content\/uploads\/2020\/11\/pic3-1-300x200.jpg 300w, https:\/\/www.udrugaprospero.org\/wordpress\/wp-content\/uploads\/2020\/11\/pic3-1-768x511.jpg 768w, https:\/\/www.udrugaprospero.org\/wordpress\/wp-content\/uploads\/2020\/11\/pic3-1-600x399.jpg 600w, https:\/\/www.udrugaprospero.org\/wordpress\/wp-content\/uploads\/2020\/11\/pic3-1.jpg 1039w\" sizes=\"(max-width: 1024px) 100vw, 1024px\" \/><\/figure><\/li><\/ul><\/figure>\n\n\n\n<div class=\"wp-block-image\"><figure class=\"aligncenter size-large is-resized\"><img decoding=\"async\" loading=\"lazy\" src=\"https:\/\/www.udrugaprospero.org\/wordpress\/wp-content\/uploads\/2017\/08\/Lenta_element3-1024x265.png\" alt=\"\" class=\"wp-image-802\" width=\"705\" height=\"182\" srcset=\"https:\/\/www.udrugaprospero.org\/wordpress\/wp-content\/uploads\/2017\/08\/Lenta_element3-1024x265.png 1024w, https:\/\/www.udrugaprospero.org\/wordpress\/wp-content\/uploads\/2017\/08\/Lenta_element3-300x78.png 300w, https:\/\/www.udrugaprospero.org\/wordpress\/wp-content\/uploads\/2017\/08\/Lenta_element3-768x199.png 768w\" sizes=\"(max-width: 705px) 100vw, 705px\" \/><figcaption>Projekt \u201eZnanjem do zaposlenja\u201c provodi se u sklopu programa \u201eLokalne inicijative za poticanje zapo\u0161ljavanja \u2013 faza lll\u201c. Sadr\u017eaj ove publikacije isklju\u010diva je odgovornost Udruge Prospero i ne predstavlja nu\u017eno stav Europske Unije. Projekt je sufinancirala Europska Unija iz Europskog socijalnog fonda. Vrijednost projekta je 976.550,00 HRK. Ukupna vrijednost EU potpore iznosi 976.550,00 HRK.<\/figcaption><\/figure><\/div>\n","protected":false},"excerpt":{"rendered":"<p>Osposobljavanja za zanimanje p\u010delar\/medar zapo\u010delo je 22.7.2019. a predavanja iz teorijskog dijela trajala su od 22.7.2019. do 1.8.2019. u suradnji s U\u010dili\u0161tem Libar iz \u0160ibenika i profesorima Zlatkom Tomljanovi\u0107em i Janjom Filipi. Za\u0161titu na radu polaznici su odslu\u0161ali 9.8.2019. i polo\u017eili ispit iz iste, a stru\u010dnu praksu obavljali su na OPG-u \u0110uro Petkovi\u0107 u razdoblju [&hellip;]<\/p>\n","protected":false},"author":1,"featured_media":0,"parent":1142,"menu_order":0,"comment_status":"closed","ping_status":"closed","template":"","meta":[],"_links":{"self":[{"href":"https:\/\/www.udrugaprospero.org\/wordpress\/wp-json\/wp\/v2\/pages\/1682"}],"collection":[{"href":"https:\/\/www.udrugaprospero.org\/wordpress\/wp-json\/wp\/v2\/pages"}],"about":[{"href":"https:\/\/www.udrugaprospero.org\/wordpress\/wp-json\/wp\/v2\/types\/page"}],"author":[{"embeddable":true,"href":"https:\/\/www.udrugaprospero.org\/wordpress\/wp-json\/wp\/v2\/users\/1"}],"replies":[{"embeddable":true,"href":"https:\/\/www.udrugaprospero.org\/wordpress\/wp-json\/wp\/v2\/comments?post=1682"}],"version-history":[{"count":5,"href":"https:\/\/www.udrugaprospero.org\/wordpress\/wp-json\/wp\/v2\/pages\/1682\/revisions"}],"predecessor-version":[{"id":1781,"href":"https:\/\/www.udrugaprospero.org\/wordpress\/wp-json\/wp\/v2\/pages\/1682\/revisions\/1781"}],"up":[{"embeddable":true,"href":"https:\/\/www.udrugaprospero.org\/wordpress\/wp-json\/wp\/v2\/pages\/1142"}],"wp:attachment":[{"href":"https:\/\/www.udrugaprospero.org\/wordpress\/wp-json\/wp\/v2\/media?parent=1682"}],"curies":[{"name":"wp","href":"https:\/\/api.w.org\/{rel}","templated":true}]}}

Pčelar/medar

<p class="has-text-align-left">Osposobljavanja za zanimanje pčelar/medar započelo je 22.7.2019. a predavanja iz teorijskog dijela trajala su od 22.7.2019. do 1.8.2019. u suradnji s Učilištem Libar iz Šibenika i profesorima Zlatkom Tomljanovićem i Janjom Filipi. Zaštitu na radu polaznici su odslušali 9.8.2019. i položili ispit iz iste, a stručnu praksu obavljali su na OPG-u Đuro Petković u razdoblju od 28.8. do 6.9. 2019.</p>



<p>U sklopu ovog osposobljavanja polaznici su naučili kako na siguran način za pčelara i pčele raditi na pčelinjaku, o pčelinjem životnom ciklusu, matici, prehrani, bolestima pčelinjih zajednica, kontroliranju broja nametnika, zimovanju i proljetnom razvoju. Polaznici su na praksi naučili kako izvršiti kompletan pregled zajednica, kako pronaći maticu, kako transportirati košnice i kako dezinficirati te skladištiti alat i materijal.</p>



<p class="has-text-align-left">Završni ispit održao se dana 6.9.2019. te je svih šest polaznika položilo.<br>Dana 14. listopada 2019. održali smo svečanu dodjelu diploma za uspješno položeno osposobljavanja za pčelara/medara.</p>



<figure class="is-layout-flex wp-block-gallery-1 wp-block-gallery aligncenter columns-3 is-cropped"><ul class="blocks-gallery-grid"><li class="blocks-gallery-item"><figure><img decoding="async" loading="lazy" width="1024" height="681" src="https://www.udrugaprospero.org/wordpress/wp-content/uploads/2020/11/pic1-1-1024x681.jpg" alt="" data-id="1659" data-full-url="https://www.udrugaprospero.org/wordpress/wp-content/uploads/2020/11/pic1-1.jpg" data-link="https://www.udrugaprospero.org/wordpress/?attachment_id=1659" class="wp-image-1659" srcset="https://www.udrugaprospero.org/wordpress/wp-content/uploads/2020/11/pic1-1-1024x681.jpg 1024w, https://www.udrugaprospero.org/wordpress/wp-content/uploads/2020/11/pic1-1-300x200.jpg 300w, https://www.udrugaprospero.org/wordpress/wp-content/uploads/2020/11/pic1-1-768x511.jpg 768w, https://www.udrugaprospero.org/wordpress/wp-content/uploads/2020/11/pic1-1-600x399.jpg 600w, https://www.udrugaprospero.org/wordpress/wp-content/uploads/2020/11/pic1-1.jpg 1039w" sizes="(max-width: 1024px) 100vw, 1024px" /></figure></li><li class="blocks-gallery-item"><figure><img decoding="async" loading="lazy" width="1024" height="681" src="https://www.udrugaprospero.org/wordpress/wp-content/uploads/2020/11/pic2-1-1024x681.jpg" alt="" data-id="1660" data-full-url="https://www.udrugaprospero.org/wordpress/wp-content/uploads/2020/11/pic2-1.jpg" data-link="https://www.udrugaprospero.org/wordpress/?attachment_id=1660" class="wp-image-1660" srcset="https://www.udrugaprospero.org/wordpress/wp-content/uploads/2020/11/pic2-1-1024x681.jpg 1024w, https://www.udrugaprospero.org/wordpress/wp-content/uploads/2020/11/pic2-1-300x200.jpg 300w, https://www.udrugaprospero.org/wordpress/wp-content/uploads/2020/11/pic2-1-768x511.jpg 768w, https://www.udrugaprospero.org/wordpress/wp-content/uploads/2020/11/pic2-1-600x399.jpg 600w, https://www.udrugaprospero.org/wordpress/wp-content/uploads/2020/11/pic2-1.jpg 1039w" sizes="(max-width: 1024px) 100vw, 1024px" /></figure></li><li class="blocks-gallery-item"><figure><img decoding="async" loading="lazy" width="1024" height="681" src="https://www.udrugaprospero.org/wordpress/wp-content/uploads/2020/11/pic3-1-1024x681.jpg" alt="" data-id="1661" data-full-url="https://www.udrugaprospero.org/wordpress/wp-content/uploads/2020/11/pic3-1.jpg" data-link="https://www.udrugaprospero.org/wordpress/?attachment_id=1661" class="wp-image-1661" srcset="https://www.udrugaprospero.org/wordpress/wp-content/uploads/2020/11/pic3-1-1024x681.jpg 1024w, https://www.udrugaprospero.org/wordpress/wp-content/uploads/2020/11/pic3-1-300x200.jpg 300w, https://www.udrugaprospero.org/wordpress/wp-content/uploads/2020/11/pic3-1-768x511.jpg 768w, https://www.udrugaprospero.org/wordpress/wp-content/uploads/2020/11/pic3-1-600x399.jpg 600w, https://www.udrugaprospero.org/wordpress/wp-content/uploads/2020/11/pic3-1.jpg 1039w" sizes="(max-width: 1024px) 100vw, 1024px" /></figure></li></ul></figure>



<div class="wp-block-image"><figure class="aligncenter size-large is-resized"><img decoding="async" loading="lazy" src="https://www.udrugaprospero.org/wordpress/wp-content/uploads/2017/08/Lenta_element3-1024x265.png" alt="" class="wp-image-802" width="705" height="182" srcset="https://www.udrugaprospero.org/wordpress/wp-content/uploads/2017/08/Lenta_element3-1024x265.png 1024w, https://www.udrugaprospero.org/wordpress/wp-content/uploads/2017/08/Lenta_element3-300x78.png 300w, https://www.udrugaprospero.org/wordpress/wp-content/uploads/2017/08/Lenta_element3-768x199.png 768w" sizes="(max-width: 705px) 100vw, 705px" /><figcaption>Projekt „Znanjem do zaposlenja“ provodi se u sklopu programa „Lokalne inicijative za poticanje zapošljavanja – faza lll“. Sadržaj ove publikacije isključiva je odgovornost Udruge Prospero i ne predstavlja nužno stav Europske Unije. Projekt je sufinancirala Europska Unija iz Europskog socijalnog fonda. Vrijednost projekta je 976.550,00 HRK. Ukupna vrijednost EU potpore iznosi 976.550,00 HRK.</figcaption></figure></div>

<p>Osposobljavanja za zanimanje pčelar/medar započelo je 22.7.2019. a predavanja iz teorijskog dijela trajala su od 22.7.2019. do 1.8.2019. u suradnji s Učilištem Libar iz Šibenika i profesorima Zlatkom Tomljanovićem i Janjom Filipi. Zaštitu na radu polaznici su odslušali 9.8.2019. i položili ispit iz iste, a stručnu praksu obavljali su na OPG-u Đuro Petković u razdoblju [&hellip;]</p>
