{"id":234,"date":"2016-10-28T17:25:23","date_gmt":"2016-10-28T16:25:23","guid":{"rendered":"http:\/\/localhost\/wp\/prospero\/wordpress\/?page_id=234"},"modified":"2018-10-01T20:11:11","modified_gmt":"2018-10-01T18:11:11","slug":"tradicijski-obrti","status":"publish","type":"page","link":"https:\/\/www.udrugaprospero.org\/wordpress\/tecajevi\/tradicijski-obrti\/","title":{"rendered":"Tradicijski obrti"},"content":{"rendered":"<p>[vc_row][vc_column][vc_empty_space][vc_column_text]<span class=\"_5yl5\"><strong>Udruga Prospero<\/strong> od 2003. godine organizira edukacije u tradicijskim i umjetni\u010dkim obrtima. Obrti u kojima odr\u017eavamo edukacije su <strong>keramika, lon\u010darstvo, tkanje i filcanje vune<\/strong>.<\/span><\/p>\n<ul>\n<li><span class=\"_5yl5\"><strong>Tradicijski obrti<\/strong> su obrti za koje je potrebno posebno poznavanje zanatskih vje\u0161tina i umije\u0107a u obavljanju djelatnosti te koji se obavljaju prete\u017enim udjelom ru\u010dnog rada, a koji se tehnikama proizvodnje i rada, namjenom i oblikom oslanjaju na obrasce tradicijske kulture, pa u tom smislu mogu simbolizirati lokalni, regionalni ili nacionalni identitet.<\/span><\/li>\n<\/ul>\n<p>[\/vc_column_text][vc_single_image image=&#8221;826&#8243; img_size=&#8221;full&#8221; alignment=&#8221;center&#8221; style=&#8221;vc_box_outline&#8221;][vc_column_text]<\/p>\n<ul>\n<li><span class=\"_5yl5\"><strong>Umjetni\u010dki obrti<\/strong> su obrti koji se odlikuju proizvodima i uslugama visoke estetske vrijednosti, dizajnom, likovnim i drugim rje\u0161enjima uz nagla\u0161enu kreativnost i individualnost majstora obrta \u2013 umjetnika. Pod tradicijske, odnosno umjetni\u010dke obrte mogu se svrstati i oni obrti koji se u procesu izrade proizvoda ili pru\u017eanja usluga koriste i novijim tehnologijama, koriste\u0107i se suvremenijim alatima u nekim fazama izrade kako bi posao bio lak\u0161i i br\u017ei, ali uz uvjet da se takvim sredstvima-pomagalima ne obezvre\u0111uje estetska razina i karakter tradicijskog, odnosno umjetni\u010dkog proizvoda ili usluge.<\/span><\/li>\n<\/ul>\n<p><span class=\"_5yl5\">Proizvodi koji se generacijama proizvode u obrtima, a sada se koriste kao suveniri u turisti\u010dkoj ponudi kulturne ba\u0161tine Hrvatske tako\u0111er se mogu smatrati tradicijskim, odnosno umjetni\u010dkim obrtima.<\/span>[\/vc_column_text][vc_single_image image=&#8221;829&#8243; img_size=&#8221;full&#8221; alignment=&#8221;center&#8221; style=&#8221;vc_box_outline&#8221;][\/vc_column][\/vc_row]<\/p>\n","protected":false},"excerpt":{"rendered":"<p>[vc_row][vc_column][vc_empty_space][vc_column_text]Udruga Prospero od 2003. godine organizira edukacije u tradicijskim i umjetni\u010dkim obrtima. Obrti u kojima odr\u017eavamo edukacije su keramika, lon\u010darstvo, tkanje i filcanje vune. Tradicijski obrti su obrti za koje je potrebno posebno poznavanje zanatskih vje\u0161tina i umije\u0107a u obavljanju djelatnosti te koji se obavljaju prete\u017enim udjelom ru\u010dnog rada, a koji se tehnikama proizvodnje i [&hellip;]<\/p>\n","protected":false},"author":1,"featured_media":0,"parent":232,"menu_order":0,"comment_status":"closed","ping_status":"closed","template":"","meta":[],"_links":{"self":[{"href":"https:\/\/www.udrugaprospero.org\/wordpress\/wp-json\/wp\/v2\/pages\/234"}],"collection":[{"href":"https:\/\/www.udrugaprospero.org\/wordpress\/wp-json\/wp\/v2\/pages"}],"about":[{"href":"https:\/\/www.udrugaprospero.org\/wordpress\/wp-json\/wp\/v2\/types\/page"}],"author":[{"embeddable":true,"href":"https:\/\/www.udrugaprospero.org\/wordpress\/wp-json\/wp\/v2\/users\/1"}],"replies":[{"embeddable":true,"href":"https:\/\/www.udrugaprospero.org\/wordpress\/wp-json\/wp\/v2\/comments?post=234"}],"version-history":[{"count":25,"href":"https:\/\/www.udrugaprospero.org\/wordpress\/wp-json\/wp\/v2\/pages\/234\/revisions"}],"predecessor-version":[{"id":1025,"href":"https:\/\/www.udrugaprospero.org\/wordpress\/wp-json\/wp\/v2\/pages\/234\/revisions\/1025"}],"up":[{"embeddable":true,"href":"https:\/\/www.udrugaprospero.org\/wordpress\/wp-json\/wp\/v2\/pages\/232"}],"wp:attachment":[{"href":"https:\/\/www.udrugaprospero.org\/wordpress\/wp-json\/wp\/v2\/media?parent=234"}],"curies":[{"name":"wp","href":"https:\/\/api.w.org\/{rel}","templated":true}]}}