{"id":236,"date":"2016-10-28T17:27:56","date_gmt":"2016-10-28T16:27:56","guid":{"rendered":"http:\/\/localhost\/wp\/prospero\/wordpress\/?page_id=236"},"modified":"2017-01-20T09:56:09","modified_gmt":"2017-01-20T09:56:09","slug":"tecaj-keramike","status":"publish","type":"page","link":"https:\/\/www.udrugaprospero.org\/wordpress\/tecajevi\/tradicijski-obrti\/tecaj-keramike\/","title":{"rendered":"Te\u010daj keramike i lon\u010darstva"},"content":{"rendered":"<p>[vc_row][vc_column][vc_empty_space][vc_column_text]<strong>Keramika je grana umjetnosti<\/strong> koja nagra\u0111uje na najdirektniji na\u010din spajaju\u0107i elemente vode, zemlje, zraka i vatre u procesu stvaranja umjetni\u010dkog s uporabnim. Kroz \u010detiri elementa: zemlja, voda, zrak i vatra, pustite na slobodu svoje misli i ma\u0161tovitost, ra\u0161irite krila svoje kreativnosti. Glinu pod prstima pretvorite u zdjele, \u0107upove, \u0161alice, likove iz ma\u0161te. Vjerujte svojoj intuiciji i pustite kreativnosti da Vas vodi. \u017delite li probuditi svoju kreativnost, ne morate biti posebno nadareni. Potrebni su Vam samo entuzijazam i strpljenje!<\/p>\n<p>Lon\u010darstvo je umije\u0107e proizvodnje kerami\u010dkih posuda od gline i jedno je od prvih zanata koji su se pojavili s nastankom ljudske kulture. Postupak se vr\u0161i oblikovanjem vla\u017ene gline uz pomo\u0107 lon\u010darskog kola.<\/p>\n<p>Cilj ovog te\u010daja je da polaznici ovladaju procesom oblikovanja i izrade predmeta od keramike te osnovnim tehnikama oblikovanja keramike, ukra\u0161avanja povr\u0161ine, bojanja i oslikavanja te su\u0161enja i pe\u010denja keramike.<\/p>\n<p>Te\u010daj oblikovanja keramike pod vodstvom je majstorica keramike Slavica Mili\u010di\u0107 i Lucije Grube\u0161i\u0107.<\/p>\n<p>&nbsp;<\/p>\n<h5>PRIPREMA GLINE ZA OBLIKOVANJE -4 h<\/h5>\n<p>Su\u0161enje mokre gline na gipsanim plo\u010dama<\/p>\n<p>Priprema gline za rad potrebne plasti\u010dnosti i bez grudica i d\u017eepova zraka. Dodavanje pijeska ili \u0161amota u glinu.<\/p>\n<p>&nbsp;<\/p>\n<h5>TEHNIKE OBLIKOVANJA PREDMETA-32 h<\/h5>\n<p>Tehnika oblikovanja prstima 8 h<\/p>\n<p>Modeliranje izvaljanim trakama (tehnika \u201eValj\u010di\u0107a\u201c) 8 h<\/p>\n<p>Tehnika oblikovanja pomo\u0107u istanjenih masa (plo\u010da) 8 h<\/p>\n<p>Obrada, spu\u017evarenje 8 h<\/p>\n<p>&nbsp;<\/p>\n<h5>PRVO PE\u010cENJE KERAMI\u010cKIH PREDMETA BISKVIT -12<\/h5>\n<p>Nano\u0161enje boje engobe na nepe\u010den predmet\u00a0 8 h<\/p>\n<p>Priprema predmeta od gline za pe\u010denje 2 h<\/p>\n<p>Slaganje predmeta u pe\u0107 1 h<\/p>\n<p>Programiranje i uklju\u010divanje pe\u0107i 1\u00a0 h<\/p>\n<p>&nbsp;<\/p>\n<h5>GLAZIRANJE\u00a0\u00a0 I OSLIKAVANJE I DRUGO PE\u010cENJE KERAMIKE 16 h<\/h5>\n<p>Oslikavanje biskvita-4 h<\/p>\n<p>Glaziranje biskvita- 4 h<\/p>\n<p>Pe\u010denje glazirane keramike- 4 h<\/p>\n<p>Oslikavanje nadglazurnim bojama i priprema za tre\u0107e paljenje 4 h<\/p>\n<p>&nbsp;<\/p>\n<h5>LON\u010cARSTVO-20 h<\/h5>\n<p>Lon\u010darsko kolo: rad na kolu, priprema gline, centriranje, otvaranje<\/p>\n<p>Druga obrada, izrada ru\u010dki, oslikavanje i graviranje na lon\u010darskom kolu[\/vc_column_text][\/vc_column][\/vc_row]<\/p>\n","protected":false},"excerpt":{"rendered":"<p>[vc_row][vc_column][vc_empty_space][vc_column_text]Keramika je grana umjetnosti koja nagra\u0111uje na najdirektniji na\u010din spajaju\u0107i elemente vode, zemlje, zraka i vatre u procesu stvaranja umjetni\u010dkog s uporabnim. Kroz \u010detiri elementa: zemlja, voda, zrak i vatra, pustite na slobodu svoje misli i ma\u0161tovitost, ra\u0161irite krila svoje kreativnosti. Glinu pod prstima pretvorite u zdjele, \u0107upove, \u0161alice, likove iz ma\u0161te. Vjerujte svojoj intuiciji [&hellip;]<\/p>\n","protected":false},"author":1,"featured_media":0,"parent":234,"menu_order":0,"comment_status":"closed","ping_status":"closed","template":"","meta":[],"_links":{"self":[{"href":"https:\/\/www.udrugaprospero.org\/wordpress\/wp-json\/wp\/v2\/pages\/236"}],"collection":[{"href":"https:\/\/www.udrugaprospero.org\/wordpress\/wp-json\/wp\/v2\/pages"}],"about":[{"href":"https:\/\/www.udrugaprospero.org\/wordpress\/wp-json\/wp\/v2\/types\/page"}],"author":[{"embeddable":true,"href":"https:\/\/www.udrugaprospero.org\/wordpress\/wp-json\/wp\/v2\/users\/1"}],"replies":[{"embeddable":true,"href":"https:\/\/www.udrugaprospero.org\/wordpress\/wp-json\/wp\/v2\/comments?post=236"}],"version-history":[{"count":2,"href":"https:\/\/www.udrugaprospero.org\/wordpress\/wp-json\/wp\/v2\/pages\/236\/revisions"}],"predecessor-version":[{"id":533,"href":"https:\/\/www.udrugaprospero.org\/wordpress\/wp-json\/wp\/v2\/pages\/236\/revisions\/533"}],"up":[{"embeddable":true,"href":"https:\/\/www.udrugaprospero.org\/wordpress\/wp-json\/wp\/v2\/pages\/234"}],"wp:attachment":[{"href":"https:\/\/www.udrugaprospero.org\/wordpress\/wp-json\/wp\/v2\/media?parent=236"}],"curies":[{"name":"wp","href":"https:\/\/api.w.org\/{rel}","templated":true}]}}